 + (-1)/(-2)?
3
Let y = 166 + 84. What is the units digit of y?
0
Suppose -3*b - 5 - 6 = -2*q, 4*b + 8 = q. Let d be (14 - -1)*q/10. What is the units digit of d/(-9)*6/(-4)?
1
Suppose 207 = 4*r - x + 497, 3*r = -5*x - 206. Let j = -48 - r. What is the tens digit of j?
2
Let l(k) = 2*k + 4. Let p(d) = 2*d + 4. Let s(t) = 4*l(t) - 5*p(t). Let c be s(-3). Let o = c + 7. What is the units digit of o?
9
Let i be (1 - (1 - -1))*-3. Suppose 3*f - 5*g + 13 = 38, i*g + 6 = 0. Let s = -4 + f. What is the units digit of s?
1
Suppose 4*s = r + 171, -2*r + 165 = 4*s - r. Suppose 3*w = 2*u - 11 - s, 2*u - 2*w - 50 = 0. What is the units digit of u?
2
Let v(b) = -b**2 + 5*b + 3. Suppose 5*p - 24 = -4*f + 2, 4*p = 8. What is the units digit of v(f)?
7
Let y(l) be the first derivative of l**3/3 + l**2/2 + l - 2. Let k be y(5). Suppose 0 = 2*c - 3*a - k, 47 = 4*c - 0*c - 3*a. What is the units digit of c?
8
Suppose -r = 2*r + 69. What is the units digit of r/(-5) + 2/5?
5
Let v(g) = 4*g**2 + 1. Suppose 3*o + 2*o = -5. Let s be v(o). Suppose -f + s*f - 2 = -2*j, -4*j = 4. What is the units digit of f?
1
Let o = 1 - -1. Suppose 3*a + o + 4 = 0. What is the units digit of a/(1/(-26)*4)?
3
Suppose 4*u - 15 = -u + 5*q, -u = -4*q - 6. Let t(k) = 3*k - 1. Let o be t(3). Suppose -h = -z - o, 4*h - u*z + 4*z - 32 = 0. What is the units digit of h?
8
What is the units digit of 133/49 - 2/(-7)?
3
Let d be (-16)/(-6)*12/8. Let u(l) = 8*l - 5. What is the tens digit of u(d)?
2
Let x(v) = 2*v - 7. Let o(z) be the first derivative of z**3/3 + 3*z**2/2 - 2*z + 2. Let d be o(2). What is the units digit of x(d)?
9
Suppose 5*q - 80 = -x, -16 = -0*q + 4*q. What is the units digit of x?
0
Suppose 0 = m - 1 - 13. Suppose -4*c + 4 = 2*p - m, 0 = -p + 3*c - 6. Suppose 0 = -p*i - q + 13, -i + 3*q = -q - 26. What is the units digit of i?
6
Suppose 5*u = 18*u - 3744. What is the units digit of u?
8
Suppose 5*w = 10, 4*g + g - 2*w = 66. Suppose 3 = i - v - 3, -v - g = -3*i. What is the units digit of i?
4
Suppose -2*u + 1 - 5 = -4*o, -2*u = 2*o - 2. Suppose -4*a = -u*a - 32. What is the units digit of a?
8
Suppose 0*v + 3*v = 6. Let p(l) = l - 2. Let r be p(v). Suppose -h + 6*h - 5 = r. What is the units digit of h?
1
Suppose 0*m - 4*m = -8. Let n be -5 - -2 - (-1 + m). Let y(t) = -t**3 - 4*t**2 - 2*t - 6. What is the units digit of y(n)?
2
Suppose 0*u = 3*f + u - 89, 3*f - 105 = 3*u. What is the units digit of f?
1
Let a = -29 + 35. What is the units digit of a?
6
Let s = 9 - 3. Let y = 8 - s. Suppose -5*v + 1 = -4*p, -y*p + 2*v + 0 = -2. What is the units digit of p?
6
Suppose 2*a - 88 = 5*r, 0 = 2*r + r + 12. What is the units digit of a?
4
Let f(n) = n**2 - 20*n - 1. What is the tens digit of f(29)?
6
Let t(a) = -a**3 + 6*a**2 - 3*a. Let k be t(4). Let p = 2 - k. Let r = 25 + p. What is the units digit of r?
7
Suppose t + 354 = 2*l, 183 = l - 4*t + 2*t. What is the hundreds digit of l?
1
Suppose 0 = -u - 3*u + 4. What is the units digit of u/((-9)/6)*-3?
2
Suppose 0 = -5*p + 3*p + 4*m + 14, -4*p - 11 = 5*m. Let c = 9 - 1. Let f = c - p. What is the units digit of f?
7
Let t be 7 + (-2 - -4)*1. Let f = 19 - t. What is the units digit of f?
0
Let z be 39 + (-3)/(1 - 2). Let q = z + -23. What is the units digit of q?
9
Suppose -2*f = -0*f - 5*o - 22, 0 = 5*f + 4*o - 22. What is the units digit of f?
6
Let x(o) = -o + 0*o + 2*o. Let q be x(8). Let b = -5 + q. What is the units digit of b?
3
Let t be -2 + (0 - -2) - 18. Let v be (-14)/(-18) - 4/t. What is the units digit of 1*(3 - (v - 3))?
5
Let s be -40*(2/(-5) - 0). Suppose -s = w - 53. What is the tens digit of w?
3
Let w = 29 - -5. What is the tens digit of w?
3
Suppose 6*k + 45 = k + 5*n, 39 = -4*k + n. Let r be (-2)/k - (-108)/10. What is the tens digit of (r/(-3))/((-1)/3)?
1
Let v = -3 - -6. Let o(u) = -u**3 + 3*u**2 + u + 2. Let x be o(v). Let q(f) = -f + 7. What is the units digit of q(x)?
2
Let y(g) = g**2 - 7 + 0 - 1 - 2*g. What is the units digit of y(6)?
6
Let y be (4/(-12))/((-1)/21). What is the units digit of y + (-5)/((-5)/(-2))?
5
Suppose 11*u - 13 = 10*u. What is the units digit of u?
3
What is the units digit of (-1)/(-4) + 1225/28?
4
Let u(y) = y**2 - 5*y - 10. Let k be u(7). Suppose -5*l + k*g + 207 = 0, -4*g + 42 = 4*l - 102. What is the tens digit of l?
3
What is the tens digit of 16/(18/4 + -4)?
3
Suppose 5*r + 4*m = 517, 444 = 5*r + 2*m - 67. What is the hundreds digit of r?
1
Suppose -3*h = -a - 8, -5*a = -2*a + 3*h. Let o = a + 5. Suppose -4*t + 13 = 3*c, -o*c - 6 = -t + 16. What is the units digit of t?
7
Let n(z) = -z**3 - z**2 + 2*z + 33. What is the tens digit of n(0)?
3
Let a = 29 + -17. What is the units digit of ((-18)/a)/(2/(-24))?
8
Let r(c) = -2*c**2 - 7*c + 8. Let u(o) = -o**2 - 3*o + 4. Let a(g) = 3*r(g) - 7*u(g). What is the units digit of a(-5)?
1
Suppose 3*d + 18 = 5*d - 2*m, 4*d + m = 31. Suppose d*y - 3*y = 45. What is the units digit of y?
9
Let z = 7 + -3. Suppose -2*j = -4*j + z*g + 56, 3*g = -j + 18. What is the units digit of j?
4
Let r(c) = -2 - 2*c**3 - c + 2*c**2 + c**3 + 2*c**3. Let f be r(-2). Suppose -h + 5*p - 12 = 0, -2*h + 24 = -f*h + 2*p. What is the units digit of h?
8
Suppose 8*l - 5*l = -12. Let b be 5 - ((-2 - l) + -3). Let k = b - 4. What is the units digit of k?
2
What is the tens digit of (0 + 1)/((-94)/(-31) + -3)?
3
Suppose 4*m = -4*k, -2*m - 4*k - 5 = 5. Suppose -3*a + 68 = -m*r, 3*r - r + 88 = 5*a. What is the tens digit of a?
1
Let t be 13/(-3) + 1/3. What is the units digit of 38/14 - t/14?
3
Suppose -2*t - 2*a = 8, -41 = 5*t - 3*a + a. Let m be (-12)/(-7) - 2/t. Suppose -5*f + 54 - 2 = 4*k, 0 = m*f + k - 19. What is the units digit of f?
8
Let h = -123 - -188. Suppose -3*o = -h - 10. What is the units digit of o?
5
Suppose i + 339 = 2*i. What is the hundreds digit of i?
3
What is the tens digit of -1*(-2)/(-10) - 9234/(-270)?
3
Suppose -3*r = 2*r. Suppose r = -7*k + 5*k + 52. What is the units digit of k?
6
Let r = 5 + 30. Suppose -r = -8*i + 3*i. What is the units digit of i?
7
Let b(o) = -2*o**3 - 7*o**2 - 8*o - 6. What is the hundreds digit of b(-5)?
1
Suppose -d - 4 = -z, -3*z - d = 4 - 36. Let c = 18 - z. What is the units digit of c?
9
Let k = -7 + 10. Let u be (-1)/(2 - k) + -1. Suppose -2*a + 6 = -u*a. What is the units digit of a?
3
Let i(w) = 6*w + 3. Let t(x) = -6*x - 2. Let y(s) = -3*i(s) - 2*t(s). What is the tens digit of y(-4)?
1
Let w(c) = 4*c - 8. What is the units digit of w(7)?
0
Suppose 17*v + 215 = 22*v. What is the units digit of v?
3
What is the hundreds digit of (-964)/(-8) - (-2)/4?
1
What is the tens digit of 198*(((-5)/2 - -3) + 0)?
9
Suppose r - 1 - 35 = -4*d, d + 3*r - 9 = 0. Suppose 2*f - d - 3 = 2*s, 3*f + 3*s + 12 = 0. What is the units digit of f?
1
Suppose -90 = -8*s - s. Suppose -10 = -3*t + 5*t. Let o = t + s. What is the units digit of o?
5
Let a be -2*((-15)/(-6) + -2). Let z be 2*2 - (a - -1). Suppose z + 6 = 5*q. What is the units digit of q?
2
Let g(o) = -o + 1. Let k(u) = -u**2 - 2*u + 1. Let b be k(-3). What is the units digit of g(b)?
3
Let b(o) = 3*o + 6. Let c(d) = -3*d - 7. Let f(x) = 4*b(x) + 3*c(x). Let r be f(3). Let g = r - 8. What is the units digit of g?
4
Suppose 0 = 3*f - 2*s - 35, -4*f - 3*s + 2*s = -54. What is the tens digit of f?
1
Let f = 3 - -1. Suppose d - i - 3 = 1, f = -2*i. What is the units digit of d?
2
Let g be (-1 + -4)*(-8)/(-5). Let l = g - -11. Let j = -2 + l. What is the units digit of j?
1
Suppose 3*k - 5 = 16. Let h(p) = p**2 - 6*p - 4. Let r be h(k). Suppose 0 = -r*g + 3 + 3. What is the units digit of g?
2
Suppose -o + i + 48 = 0, -3*o + 173 = -2*i + 30. What is the tens digit of o?
4
Let u be -1*2 - -2*16. Let c = u + -50. Let y = c + 29. What is the units digit of y?
9
Let r = -9 + 7. Let m(h) = -h**3 + h**2 - h - 2. Let i be m(2). What is the units digit of i/r - (-3)/(-3)?
3
Suppose 3 - 11 = -4*l, 6 = 4*m - l. Suppose m*d + 124 = -i + 4*i, -3*i + 3*d + 129 = 0. What is the tens digit of i?
3
Let y(h) = -8*h + 43. What is the units digit of y(-14)?
5
Suppose 21 = 2*t - 7. Suppose 0 = -2*u + 4*g + 26, -3*u + 19 = -3*g - t. What is the units digit of u?
9
Let y = -11 - -26. What is the tens digit of y?
1
Let x(v) = v**3 - v + 9. Suppose 5*t + 25 = 0, r = -0*r - 2*t - 10. What is the